o base 16
-2c5
What is -1000000000111 (base 2) in base 12?
-245b
What is b043 (base 13) in base 5?
1233342
-44130 (base 5) to base 14
-1172
What is -22525 (base 6) in base 14?
-1261
10030 (base 7) to base 13
1144
What is 121113 (base 4) in base 14?
83d
What is 2101111 (base 3) in base 10?
1741
What is -2b2d (base 14) in base 4?
-1320011
What is 616 (base 15) in base 3?
1212210
Convert 176d (base 14) to base 11.
3190
Convert -104222 (base 8) to base 3.
-1202221220
What is 16468 (base 10) in base 2?
100000001010100
-55717 (base 8) to base 14
-87cb
Convert 10021002 (base 3) to base 9.
3232
What is 5d5 (base 14) in base 3?
1121020
What is 79a (base 15) in base 4?
122320
Convert 10632 (base 7) to base 15.
c13
What is -6b2 (base 14) in base 16?
-534
Convert -10355 (base 6) to base 3.
-1222022
1001110 (base 4) to base 6
31204
What is -2d3 (base 15) in base 3?
-220000
What is 3953 (base 10) in base 12?
2355
Convert 1100010010 (base 2) to base 11.
655
What is 226 (base 10) in base 2?
11100010
What is -1100111101000 (base 2) in base 10?
-6632
What is 4511 (base 6) in base 12?
737
What is 96 (base 13) in base 7?
234
-863 (base 14) to base 12
-b5b
Convert 4656 (base 8) to base 6.
15250
Convert -1454 (base 6) to base 13.
-244
Convert -3364 (base 12) to base 2.
-1011000111100
What is 11a (base 11) in base 9?
167
Convert 3328 (base 9) to base 2.
100110011000
What is -102110 (base 6) in base 4?
-2000322
Convert -17632 (base 8) to base 9.
-12078
What is -357 (base 14) in base 5?
-10130
201221 (base 3) to base 16
21a
5618 (base 9) to base 14
1724
What is -715 (base 9) in base 16?
-245
What is -319 (base 13) in base 2?
-1000010001
What is -2300102 (base 5) in base 14?
-10b5a
What is 10001101101 (base 2) in base 10?
1133
What is -21302 (base 4) in base 7?
-1553
What is 260056 (base 7) in base 6?
1010301
What is -2132131 (base 4) in base 2?
-10011110011101
Convert -57 (base 12) to base 10.
-67
What is 12112 (base 4) in base 7?
1120
194b (base 15) to base 14
1dcb
Convert -257 (base 14) to base 4.
-13111
1313412 (base 5) to base 4
12113323
-1213313 (base 4) to base 5
-203042
Convert 16521 (base 9) to base 15.
3574
-c8 (base 15) to base 4
-2330
-38cb (base 14) to base 3
-111200121
-51540 (base 7) to base 12
-7379
Convert 333123 (base 6) to base 7.
144246
50a (base 11) to base 4
21213
13a30 (base 11) to base 2
100110110100101
What is -2276 (base 12) in base 13?
-198c
What is -23315 (base 7) in base 11?
-4556
25543 (base 6) to base 9
5280
What is -205534 (base 6) in base 12?
-98aa
-6d6 (base 14) to base 12
-958
-1101001010 (base 2) to base 14
-442
What is -1600 (base 8) in base 11?
-745
Convert -111010000 (base 2) to base 12.
-328
-252445 (base 7) to base 13
-18247
426 (base 8) to base 9
338
Convert 1311 (base 8) to base 2.
1011001001
Convert 6789 (base 11) to base 13.
40ac
What is -222020 (base 4) in base 13?
-12c5
What is -121304 (base 5) in base 16?
-11e3
25251 (base 6) to base 13
1945
Convert -1004320 (base 5) to base 16.
-3f52
531 (base 13) to base 8
1565
305 (base 7) to base 3
12122
505 (base 12) to base 16
2d5
Convert -2c5b (base 14) to base 13.
-37b4
Convert 115f (base 16) to base 9.
6081
8615 (base 14) to base 7
124325
What is -ab9 (base 15) in base 12?
-14a0
-17393 (base 10) to base 5
-1024033
1ac4 (base 14) to base 6
34324
Convert 472 (base 15) to base 10.
1007
16802 (base 9) to base 7
45530
What is 233 (base 13) in base 5?
3010
Convert -3a4 (base 14) to base 8.
-1334
What is 3410 (base 10) in base 9?
4608
Convert 7521 (base 10) to base 7.
30633
What is -51 (base 8) in base 4?
-221
Convert 10001101110 (base 2) to base 11.
941
1546 (base 11) to base 16
7c2
-34383 (base 12) to base 9
-115480
-a99 (base 11) to base 6
-10034
1913 (base 12) to base 7
11601
-8624 (base 9) to base 3
-22200211
What is 10628 (base 11) in base 16?
3c25
What is -1010010000111000 (base 2) in base 6?
-522344
-7983 (base 14) to base 13
-97a1
-19609 (base 12) to base 7
-213225
4973 (base 14) to base 3
122121121
Convert -45261 (base 7) to base 15.
-35e0
What is -187ac (base 13) in base 15?
-e0e2
Convert 40404 (base 5) to base 6.
20020
-4140 (base 5) to base 15
-265
Convert -2514 (base 8) to base 10.
-1356
Convert -1113 (base 4) to base 8.
-127
Convert -5304 (base 11) to base 6.
-52302
70 (base 10) to base 8
106
What is -4108 (base 9) in base 12?
-18a5
Convert 201222 (base 3) to base 5.
4124
What is 1100000101 (base 2) in base 10?
773
What is -20200312 (base 4) in base 8?
-104066
What is aa2 (base 13) in base 7?
5212
Convert 2a (base 12) to base 15.
24
-54 (base 10) to base 8
-66
What is -180 (base 16) in base 3?
-112020
-140 (base 13) to base 12
-165
5b8 (base 14) to base 5
14032
36526 (base 9) to base 13
b1b7
What is b16 (base 14) in base 15?
9a1
12420 (base 5) to base 6
4321
What is 19a79 (base 12) in base 6?
451033
What is 15b (base 12) in base 16?
d7
-45d (base 14) to base 3
-1012010
347 (base 9) to base 16
11e
What is 30433 (base 5) in base 12?
11a1
What is 34411 (base 7) in base 8?
21113
What is 1412 (base 9) in base 13?
63b
What is -919 (base 11) in base 2?
-10001010101
What is 7802 (base 16) in base 15?
9182
20201201 (base 3) to base 9
6651
-2192 (base 16) to base 7
-34025
100004 (base 5) to base 8
6071
3111 (base 9) to base 10
2278
-55471 (base 8) to base 4
-11230321
What is 103101 (base 4) in base 6?
5413
What is -300114 (base 5) in base 13?
-438a
What is 174 (base 14) in base 2?
100101010
Convert -af9 (base 16) to base 11.
-2124
Convert -101011 (base 3) to base 10.
-274
What is -20311022 (base 4) in base 2?
-1000110101001010
Convert -2a74 (base 16) to base 3.
-112220112
-1030431 (base 6) to base 12
-25417
What is -1512 (base 11) in base 13?
-b6c
Convert 14c (base 16) to base 5.
2312
Convert -1133 (base 8) to base 4.
-21123
24301 (base 5) to base 9
2448
66052 (base 8) to base 9
41876
Convert -28d (base 15) to base 14.
-2d9
What is 7c8 (base 16) in base 3?
2201210
What is -530 (base 9) in base 8?
-660
What is 631 (base 10) in base 9?
771
Convert 1220 (base 8) to base 14.
34c
-10100010 (base 2) to base 8
-242
What is 78 (base 9) in base 16?
47
149 (base 16) to base 8
511
Convert 22111 (base 5) to base 2.
10111111011
Convert 222132 (base 4) to base 14.
dc2
Convert -15689 (base 10) to base 9.
-23462
What is 1013 (base 16) in base 9?
5572
-2124 (base 7) to base 9
-1026
What is 484 (base 9) in base 16?
190
What is -102a (base 15) in base 12?
-1b87
1105b (base 13) to base 10
30834
Convert 111110111011011 (base 2) to base 16.
7ddb
Convert 13520 (base 7) to base 9.
5048
2121313 (base 4) to base 8
23167
What is 6063 (base 9) in base 7?
15630
5803 (base 10) to base 5
141203
Convert -112000 (base 3) to base 7.
-1050
394 (base 15) to base 10
814
-18bd (base 16) to base 8
-14275
What is 57605 (base 8) in base 14?
8ca9
What is 297b (base 14) in base 3?
101002122
What is 100330322 (base 4) in base 2?
10000111100111010
22344 (base 7) to base 5
140132
What is -124333 (base 5) in base 7?
-20325
What is 142411 (base 5) in base 14?
2273
Convert 11587 (base 10) to base 14.
4319
What is -23213 (base 4) in base 3?
-1000112
3675 (base 8) to base 10
1981
Convert 1172 (base 8) to base 3.
212111
What is -6732 (base 8) in base 9?
-4770
Convert -5443 (base 9) to base 16.
-fa8
What is 3323 (base 4) in base 11?
209
Convert -100333 (base 4) to base 7.
-3112
Convert -1939 (base 11) to base 16.
-99e
Convert 131133 (base 5) to base 16.
1430
1525 (base 9) to base 13
6b0
Convert -27250 (base 9) to base 2.
-100100000000000
What is 46a1 (base 14) in base 8?
30005
Convert 4410 (base 7) to base 13.
942
Convert 1253c (base 13) to base 8.
102073
69 (base 14) to base 10
93
122042 (base 5) to base 13
2166
-12120 (base 6) to base 10
-1776
211302 (base 4) to base 2
100101110010
2142 (base 8) to base 12
796
What is -129 (base 12) in base 15?
-bc
Convert 12222 (base 3) to base 9.
188
What is 4511 (base 8) in base 12?
1461
-33d (base 14) to base 16
-283
Convert -9380 (base 13) to base 5.
-1123014
What is -22216 (base 7) in base 13?
-2719
What is 54550 (base 6) in base 9?
11323
What is 10 (base 7) in base 15?
7
Convert 99 (base 16) to base 5.
1103
-32210233 (base 4) to base 2
-1110100100101111
Convert b3 (base 13) to base 2.
10010010
Convert 43805 (base 10) to base 2.
1010101100011101
What is 361 (base 13) in base 16?
24a
Conv